ed by 34?
17
What is the remainder when 113 is divided by 40?
33
Calculate the remainder when 975 is divided by 8.
7
What is the remainder when 118 is divided by 71?
47
What is the remainder when 43 is divided by 10?
3
Calculate the remainder when 16 is divided by 7.
2
Calculate the remainder when 482 is divided by 158.
8
Calculate the remainder when 308 is divided by 18.
2
What is the remainder when 168 is divided by 1?
0
What is the remainder when 270 is divided by 13?
10
Calculate the remainder when 61 is divided by 45.
16
What is the remainder when 309 is divided by 55?
34
Calculate the remainder when 166 is divided by 44.
34
What is the remainder when 266 is divided by 5?
1
What is the remainder when 681 is divided by 116?
101
What is the remainder when 321 is divided by 54?
51
What is the remainder when 260 is divided by 66?
62
What is the remainder when 180 is divided by 67?
46
Calculate the remainder when 5996 is divided by 29.
22
Calculate the remainder when 43365 is divided by 78.
75
What is the remainder when 295 is divided by 25?
20
Calculate the remainder when 3549 is divided by 11.
7
Calculate the remainder when 278 is divided by 66.
14
What is the remainder when 232 is divided by 16?
8
What is the remainder when 50 is divided by 30?
20
What is the remainder when 493 is divided by 97?
8
Calculate the remainder when 62 is divided by 16.
14
What is the remainder when 663 is divided by 7?
5
Calculate the remainder when 83 is divided by 6.
5
What is the remainder when 2460 is divided by 1223?
14
Calculate the remainder when 438 is divided by 44.
42
Calculate the remainder when 206 is divided by 15.
11
What is the remainder when 357 is divided by 66?
27
What is the remainder when 355 is divided by 24?
19
What is the remainder when 1869 is divided by 2?
1
What is the remainder when 28 is divided by 5?
3
Calculate the remainder when 424 is divided by 71.
69
What is the remainder when 54 is divided by 46?
8
Calculate the remainder when 133 is divided by 8.
5
Calculate the remainder when 43 is divided by 22.
21
What is the remainder when 667 is divided by 28?
23
Calculate the remainder when 1537 is divided by 28.
25
What is the remainder when 245 is divided by 13?
11
What is the remainder when 4544 is divided by 48?
32
What is the remainder when 665 is divided by 37?
36
What is the remainder when 917 is divided by 20?
17
Calculate the remainder when 12892 is divided by 215.
207
Calculate the remainder when 36 is divided by 13.
10
What is the remainder when 714 is divided by 188?
150
Calculate the remainder when 2120 is divided by 68.
12
What is the remainder when 1136 is divided by 30?
26
Calculate the remainder when 10093 is divided by 102.
97
Calculate the remainder when 5099 is divided by 30.
29
Calculate the remainder when 4804 is divided by 19.
16
Calculate the remainder when 757 is divided by 24.
13
What is the remainder when 33 is divided by 3?
0
What is the remainder when 362 is divided by 128?
106
What is the remainder when 21 is divided by 6?
3
What is the remainder when 263 is divided by 75?
38
Calculate the remainder when 1720 is divided by 14.
12
What is the remainder when 394 is divided by 36?
34
What is the remainder when 16757 is divided by 171?
170
Calculate the remainder when 192 is divided by 15.
12
Calculate the remainder when 110 is divided by 79.
31
Calculate the remainder when 317 is divided by 51.
11
What is the remainder when 480 is divided by 23?
20
What is the remainder when 285 is divided by 22?
21
What is the remainder when 286 is divided by 29?
25
Calculate the remainder when 266 is divided by 27.
23
Calculate the remainder when 252 is divided by 51.
48
Calculate the remainder when 136 is divided by 52.
32
Calculate the remainder when 16180 is divided by 261.
259
What is the remainder when 7 is divided by 4?
3
Calculate the remainder when 126 is divided by 15.
6
Calculate the remainder when 374 is divided by 47.
45
Calculate the remainder when 64 is divided by 17.
13
What is the remainder when 234 is divided by 72?
18
Calculate the remainder when 859 is divided by 73.
56
Calculate the remainder when 468 is divided by 27.
9
Calculate the remainder when 22 is divided by 9.
4
What is the remainder when 170 is divided by 37?
22
Calculate the remainder when 2226 is divided by 61.
30
Calculate the remainder when 1037 is divided by 13.
10
Calculate the remainder when 488 is divided by 41.
37
Calculate the remainder when 4066 is divided by 675.
16
What is the remainder when 98 is divided by 91?
7
What is the remainder when 2038 is divided by 9?
4
What is the remainder when 6093 is divided by 2012?
57
What is the remainder when 10 is divided by 3?
1
What is the remainder when 476 is divided by 122?
110
What is the remainder when 272 is divided by 92?
88
Calculate the remainder when 68 is divided by 62.
6
What is the remainder when 468 is divided by 30?
18
What is the remainder when 3177 is divided by 86?
81
Calculate the remainder when 165 is divided by 32.
5
What is the remainder when 137 is divided by 43?
8
What is the remainder when 339 is divided by 35?
24
What is the remainder when 595 is divided by 594?
1
Calculate the remainder when 2749 is divided by 102.
97
What is the remainder when 2471 is divided by 821?
8
Calculate the remainder when 1070 is divided by 153.
152
Calculate the remainder when 196 is divided by 9.
7
Calculate the remainder when 88 is divided by 26.
10
What is the remainder when 130 is divided by 44?
42
Calculate the remainder when 2667 is divided by 157.
155
Calculate the remainder when 485 is divided by 49.
44
What is the remainder when 120 is divided by 42?
36
What is the remainder when 504 is divided by 136?
96
What is the remainder when 5789 is divided by 16?
13
What is the remainder when 219 is divided by 23?
12
Calculate the remainder when 3627 is divided by 113.
11
What is the remainder when 931 is divided by 3?
1
Calculate the remainder when 7746 is divided by 228.
222
What is the remainder when 243 is divided by 86?
71
What is the remainder when 592 is divided by 66?
64
What is the remainder when 2489 is divided by 21?
11
What is the remainder when 126 is divided by 28?
14
What is the remainder when 1064 is divided by 176?
8
What is the remainder when 496 is divided by 61?
8
Calculate the remainder when 388 is divided by 17.
14
Calculate the remainder when 22775 is divided by 8.
7
What is the remainder when 620 is divided by 4?
0
Calculate the remainder when 2698 is divided by 882.
52
Calculate the remainder when 290 is divided by 76.
62
What is the remainder when 93 is divided by 21?
9
Calculate the remainder when 370 is divided by 123.
1
What is the remainder when 200 is divided by 61?
17
Calculate the remainder when 958 is divided by 312.
22
What is the remainder when 189 is divided by 92?
5
What is the remainder when 5037 is divided by 22?
21
What is the remainder when 647 is divided by 25?
22
What is the remainder when 24287 is divided by 8?
7
What is the remainder when 30 is divided by 8?
6
Calculate the remainder when 379 is divided by 86.
35
What is the remainder when 57 is divided by 9?
3
What is the remainder when 44 is divided by 31?
13
Calculate the remainder when 182 is divided by 37.
34
What is the remainder when 935 is divided by 72?
71
What is the remainder when 417 is divided by 134?
15
What is the remainder when 138 is divided by 136?
2
Calculate the remainder when 256 is divided by 245.
11
What is the remainder when 870 is divided by 2?
0
Calculate the remainder when 471 is divided by 73.
33
Calculate the remainder when 500 is divided by 56.
52
What is the remainder when 644 is divided by 15?
14
What is the remainder when 56 is divided by 19?
18
What is the remainder when 312 is divided by 121?
70
Calculate the remainder when 12347 is divided by 95.
92
Calculate the remainder when 209 is divided by 124.
85
Calculate the remainder when 71 is divided by 33.
5
What is the remainder when 333 is divided by 84?
81
What is the remainder when 784 is divided by 72?
64
Calculate the remainder when 159 is divided by 16.
15
Calculate the remainder when 13323 is divided by 272.
267
What is the remainder when 772 is divided by 763?
9
What is the remainder when 10037 is divi